= 45*k + 1972. Calculate a(-35).
397
Let x(n) = n**3 + 20*n**2 + 52*n - 237. What is x(-16)?
-45
Let x(d) = -3942*d - 216809. Give x(-55).
1
Let u(a) = 702*a + 1379. Give u(-2).
-25
Let l(y) = -15*y**2 - 66*y + 613. Calculate l(0).
613
Let x(g) = g**3 + 137*g**2 - 417*g + 41611. Determine x(-142).
5
Let k(s) = 7*s**2 + 4009*s + 505894. Give k(-385).
4
Let b(v) = -32504*v - 357586. Determine b(-11).
-42
Let i(g) = -71*g - 15605. What is i(-226)?
441
Let c(d) = -241*d - 15383. Give c(-65).
282
Let c(j) = -j**3 + 2*j**2 - 105*j - 521. Determine c(-6).
397
Let d(k) = 285*k - 57265. Calculate d(212).
3155
Let q(z) = -z**2 - 466*z + 64. What is q(0)?
64
Let v(m) = m**2 + 3307*m - 1422. Calculate v(0).
-1422
Let c(u) = -25*u**2 - 1060*u + 12778. Calculate c(12).
-3542
Let c(m) = -3406*m**3 + 61299*m**2 + 150*m + 216. What is c(18)?
0
Let p(d) = -d**2 - 6*d - 587. Give p(-31).
-1362
Let d(x) = -2*x**2 + 298*x - 3954. Give d(135).
-174
Let r(z) = 3462*z + 699316. Give r(-202).
-8
Let n(c) = -2*c**2 + 1326*c + 65203. Determine n(-46).
-25
Let j(v) = v**3 + 9*v**2 - 24*v - 73. Determine j(-13).
-437
Let w(r) = -r**3 - 7*r**2 - 23995*r - 71955. Give w(-3).
-6
Let a(f) = -3*f**2 + 417*f + 429. What is a(-1)?
9
Let i(f) = 720*f + 300441. Give i(-416).
921
Let r(m) = 3*m**2 + 855*m - 65790. Give r(-348).
-18
Let u(c) = -c**3 + 20*c**2 + 572*c - 9701. Calculate u(15).
4
Let f(l) = l**3 + 200*l**2 + 2928*l + 673067. Determine f(-202).
3
Let w(c) = c**3 + 9*c**2 - 1544*c + 146. What is w(35)?
6
Let z(v) = 3*v**3 + 241*v**2 - 176*v - 345. Give z(-81).
789
Let n(i) = 6*i**3 + 11*i**2 + 48*i - 16. Calculate n(6).
1964
Let j(i) = 5336*i + 1237960. Give j(-232).
8
Let m(d) = -4068*d + 81340. Calculate m(20).
-20
Let l(p) = -11*p**2 - 12590*p - 174117. Give l(-14).
-13
Let q(a) = -3524*a**3 + 588509*a**2 - 177*a + 1672. What is q(167)?
2
Let z(g) = g**3 + 256*g**2 - 4937*g + 102. Determine z(18).
12
Let n(v) = -2*v**2 - 1834*v + 49149. Determine n(26).
113
Let k(s) = 5*s**2 + 10894*s + 173097. What is k(-16)?
73
Let g(n) = -4*n**3 - 280*n**2 + 14*n + 50. Calculate g(-70).
-930
Let n(p) = -p**3 + 3*p**2 - 446*p + 34. Determine n(0).
34
Let t(r) = 5*r + 2074. What is t(-34)?
1904
Let c(f) = -75*f**3 - 8*f**2 + 20*f - 21. Calculate c(2).
-613
Let g(r) = 2*r**2 - 3692*r + 14751. Determine g(4).
15
Let w(r) = 1193*r**2 - 104*r - 138. Determine w(-1).
1159
Let a(t) = -263*t**2 + 14992*t - 162. Give a(57).
-105
Let z(c) = -37*c**2 + 1265*c - 9056. What is z(24)?
-8
Let p(t) = -2849860*t - 5699729. Determine p(-2).
-9
Let z(f) = -566*f - 20520. What is z(-36)?
-144
Let v(x) = -4*x**2 + 19*x - 273. Calculate v(16).
-993
Let m(k) = 140*k**2 + 4783*k + 295. Give m(-34).
-487
Let w(h) = -19*h**3 - 31*h**2 - 47*h - 114. Determine w(-2).
8
Let y(w) = -w**3 + 1296*w**2 - 34257*w - 7614. Determine y(1269).
0
Let h(q) = -5*q**3 + 971*q**2 - 151*q - 8453. Calculate h(194).
-111
Let s(a) = a**3 + 25*a**2 - 1544*a + 9339. Determine s(7).
99
Let c(u) = -2*u**2 - 515*u - 4863. What is c(-248)?
-151
Let i(x) = -2*x**2 - 82*x + 40920. What is i(-165)?
0
Let v(j) = 25066*j + 7. Calculate v(0).
7
Let f(x) = 1085*x + 4964. What is f(-5)?
-461
Let q(a) = 252*a**2 - 4805*a + 298. Calculate q(19).
-25
Let y(b) = b**2 + 175*b + 3494. Determine y(-31).
-970
Let d(f) = 1797*f - 852045. What is d(474)?
-267
Let n(o) = -o**3 - 728*o**2 - 9312*o - 277. What is n(-13)?
-56
Let w(f) = 73*f**2 + 70738*f + 970. Calculate w(-969).
1
Let i(z) = -2*z**3 - 1058*z**2 - 127*z - 67180. Give i(-529).
3
Let t(v) = -181*v + 757. Calculate t(4).
33
Let p(t) = 5*t**3 + 103*t**2 - 48773*t + 92. Give p(89).
3
Let x(z) = 3*z**3 - 43*z**2 - 87*z + 122. Calculate x(16).
10
Let t(p) = -p**3 + 96*p**2 + 288*p + 856. Determine t(99).
-35
Let k(d) = 928*d + 4948. Determine k(-5).
308
Let c(t) = 38493*t - 3156424. What is c(82)?
2
Let i(d) = -532*d + 6998. Calculate i(13).
82
Let o(y) = -810*y + 9835. Calculate o(12).
115
Let r(f) = 11767*f - 388320. Give r(33).
-9
Let g(m) = 2663*m + 36025. Calculate g(-14).
-1257
Let c(b) = 4*b**3 - 111*b**2 + 125*b - 178. Give c(27).
1010
Let o(i) = 2*i**3 + 68*i**2 + 8*i + 2831. Determine o(-35).
101
Let r(q) = 1303*q**2 - 160*q + 161. Determine r(1).
1304
Let r(c) = -7*c**2 - 243*c + 26293. Calculate r(-81).
49
Let z(v) = -11332*v - 35186. Determine z(-3).
-1190
Let y(a) = -a**2 - 1001*a + 79533. What is y(74)?
-17
Let v(f) = -f**2 - 1519*f - 138075. Give v(-97).
-141
Let p(f) = 2575*f - 25001. Determine p(10).
749
Let v(d) = -17286*d - 102998. Give v(-6).
718
Let h(l) = 291*l**2 - 21534*l - 11. Determine h(74).
-11
Let k(n) = n**2 + 13502*n + 1113779. Give k(-83).
2
Let v(p) = -1083*p**2 - 11879*p + 328. What is v(-11)?
-46
Let n(q) = 365*q - 1071. Calculate n(2).
-341
Let d(u) = -3837*u + 64027. What is d(16)?
2635
Let i(l) = -3497*l + 2175133. Determine i(622).
-1
Let x(j) = -j**2 + 1347*j - 56024. Calculate x(43).
48
Let r(z) = -45*z**2 + 22172*z + 6402. Calculate r(493).
-7
Let v(u) = -10*u**2 + 2587*u + 821. Give v(259).
44
Let i(z) = 39*z**2 - 1355*z. Determine i(38).
4826
Let n(y) = -y**3 + 158*y**2 - 89*y + 14438. What is n(158)?
376
Let k(h) = -1634421*h - 8172141. What is k(-5)?
-36
Let r(z) = 364*z + 161257. Determine r(-443).
5
Let k(x) = -12*x**3 + 191*x**2 + 12*x + 99. Calculate k(16).
35
Let u(i) = 30*i**2 + 5910*i + 15. Give u(-197).
15
Let r(o) = o**3 + 28*o**2 - 290*o - 7604. What is r(-29)?
-35
Let l(p) = p**3 - 12*p**2 + 24*p + 14. Calculate l(10).
54
Let x(j) = -j**2 + 4622*j + 162927. Give x(-35).
-68
Let w(s) = -s**3 + 31*s**2 + 400. Determine w(0).
400
Let v(m) = -182*m + 38431. Calculate v(212).
-153
Let z(o) = 3*o**2 - 225*o - 2178. Give z(-9).
90
Let f(h) = -h**2 - 39*h + 137. Calculate f(-49).
-353
Let l(r) = 5800*r + 115989. Give l(-20).
-11
Let k(v) = 2*v**3 - 565*v**2 + 5189*v - 533. Calculate k(273).
13
Let g(w) = -1000*w + 289987. Give g(290).
-13
Let o(b) = 20*b**3 + 48*b**2 + 303*b - 112. Calculate o(-6).
-4522
Let w(i) = 2*i**2 - 801*i - 76881. Calculate w(-80).
-1
Let c(v) = v**2 - 1281*v + 367996. Give c(435).
-14
Let o(q) = -172*q**2 - 12554*q + 242. Give o(-73).
96
Let v(u) = 114*u**3 - 696*u**2 + 35*u - 174. Determine v(6).
-396
Let v(h) = -480*h + 152204. Give v(318).
-436
Let z(l) = -11*l**2 - 3285*l - 16263. Calculate z(-5).
-113
Let h(m) = 24132*m + 410269. Calculate h(-17).
25
Let k(b) = -655496*b + 1966499. Determine k(3).
11
Let b(v) = v**3 - 424031*v**2 + 2120131*v - 5. Calculate b(5).
0
Let f(x) = -4*x**3 + 474*x**2 - 208*x - 4002. Calculate f(118).
-698
Let n(x) = 4*x**2 - 872*x + 21236. What is n(25)?
1936
Let n(m) = -11*m**2 + 9*m + 410. Calculate n(-11).
-1020
Let i(a) = -a**2 + 75*a - 2390. Give i(39).
-986
Let i(h) = -15*h**2 - 1621*h - 16008. Calculate i(-11).
8
Let r(i) = 63320*i + 12157443. Calculate r(-192).
3
Let h(i) = -5551*i + 271741. Determine h(49).
-258
Let i(a) = -6*a**2 - 5205*a + 49986. Give i(-877).
-3
Let c(t) = -1091*t - 685193. Give c(-628).
-45
Let f(b) = -1330*b - 18793. Calculate f(-14).
-173
Let g(l) = -l**3 - 113*l**2 + 1247*l + 925. What is g(-123)?
-1166
Let o(t) = -330010*t - 8580258. Calculate o(-26).
2
Let z(x) = -5*x**2 + 179*x + 96. Determine z(42).
-1206
Let r(a) = 703*a - 32424. Determine r(46).
-86
Let g(h) = -60274*h + 60295. Determine g(1).
21
Let z(i) = -1095*i - 56940. Calculate z(-52).
0
Let y(n) = -2*n**2 + 299*n + 68565. What is y(-125)?
-60
Let j(p) = -257043*p + 2056337. What is j(8)?
-7
Let f(h) = 1160*h**2 + 7028*h + 399. Calculate f(-6).
-9
Let z(h) = -904130*h + 4520669. Determine z(5).
19
Let a(h) = -h**3 + 48*h**2 - 88*h + 4306. What is a(48)?
82
Let n(u) = -u**3 + 107*u**2 - 1495*u - 3155. Give n(90).
-5
Let y(o) = o**2 + 335*o + 27780. Calculate y(-148).
104
Let i(m) = 71*m**2 + 7*m + 84. Determine i(-3).
702
Let w(i) = -2*i**2 + 214*i + 17231. Give w(160).
271
Let j(v) = -3649*v + 84313. Give j(23).
386
Let m(k) = k**3 + 74*k**2 + 444*k + 2345. Give m(-68).
-103
Let t(m) = -12*m**3 - 81*m**2 - 13*m - 361. Determine t(-5).
-821
Let s(r) = -12*r**3 + 37*r**2 + 31*r - 184. Give s(5).
-604
Let k(a) = -a**3 + 97*a**2 - 2077*a - 5282. Determine k(37).
9
Let i(s) = -4*s**2 - 177*s - 1965. Calculate i(-22).
-7
Let w(n) = -549*n - 286643. What is w(-523)?
484
Let c(a) = -196*a - 23141. G